 -11. Let y be x(o). Calculate the greatest common factor of 119 and y.
17
Let s(m) = 2*m**2 - 2*m**2 + 4*m**2 + 0*m**2 - 11 - 10*m. Let z be s(8). Calculate the highest common divisor of 66 and z.
33
Let s be 3/4*32/12. Suppose -3*c = s*z - 37, 0*z = -2*z + 3*c + 7. What is the highest common factor of z and 22?
11
Let i be (-15)/6*20/(-25). Suppose 4*w = i*w + 162. Calculate the highest common divisor of 9 and w.
9
Let g(v) = -2*v**2 + 3*v**2 - 3*v + 0*v**2 + 8 - 4*v. Let b be g(6). Suppose -s - 1 = 3*d, 5*d - 1 = -b*s - 0*d. What is the greatest common factor of s and 32?
8
Let z be (-46)/230 - (126/(-5) + 1). Calculate the highest common factor of z and 72.
24
Suppose -4*a - 13 = -5*a. Let b(r) = 73*r - 3. Let m be b(2). Calculate the highest common divisor of m and a.
13
Let l = -45 + 105. Let p = -338 - -378. What is the greatest common divisor of p and l?
20
Suppose -m = -3*m. Suppose m*b + 2*b - 4 = 0. Suppose 17 = g + b*u, -5*u + 0 + 5 = g. What is the greatest common factor of g and 10?
5
Suppose 720 = 2*z + z. Suppose -z = -6*h + h. Calculate the highest common factor of h and 120.
24
Suppose 6*m - 7*m = -9. What is the highest common factor of m and 1?
1
Let q(w) = -5*w - 51. Let y be q(-15). What is the highest common factor of y and 8?
8
Let q be ((-540)/(-150))/(0 + 6/20). Let u = 535 + -351. Suppose -3*j + u = m, 3*m - 64 = -5*j + 248. What is the greatest common divisor of q and j?
12
Let q(x) = -x**3 + 11*x**2 + x - 5. Suppose -10 = 2*f, 1 = -5*t - 3*f + 41. Let v be q(t). What is the greatest common factor of v and 3?
3
Suppose 4*h - 18 = 14. What is the highest common factor of 24 and h?
8
Suppose -s - 1 = -4*a - 2, 5*a - 37 = -3*s. Let p(h) = 10*h**2 + h + 3. Let m be p(2). What is the highest common factor of m and s?
9
Suppose 9*d - 192 = -7*d. Let w be ((-12)/(-14))/(1/7). Calculate the greatest common factor of d and w.
6
Suppose 2*n + 33 = 9. Let i be (-178)/n - 2/(-12). What is the highest common factor of i and 30?
15
Suppose -3*d = 3*l + 6, 0 = 5*l - 0*d + 2*d - 5. Suppose -2*k - 4 = 3*m - 35, 0 = -l*k - 12. What is the greatest common divisor of 52 and m?
13
Let i be (-42)/(-105) + (-138)/(-5). Let m = 5 + -3. Suppose -m*f + f = -2*x - 36, -f = 3*x - 51. What is the highest common divisor of i and f?
14
Let o be (-2)/8 + 4615/(-20). Let v = o - -367. Calculate the highest common factor of 17 and v.
17
Let y(w) = -w + 3*w + w**3 + 18 + 8*w**2 - 7*w - 4*w. Let n be y(-8). Suppose -q + 13 = -23. Calculate the greatest common factor of n and q.
18
Suppose 50 = 2*t - 26. What is the highest common divisor of t and 57?
19
Let x be ((-80)/(-30))/((-2)/(-3)). Suppose 13 = -3*g + x. Let c = 12 - g. Calculate the greatest common divisor of c and 45.
15
Let r(k) = -3*k. Let p be r(-3). What is the greatest common divisor of 45 and p?
9
Let q = 184 + -94. Calculate the greatest common factor of q and 36.
18
Let x(b) = -13*b. Suppose 5 = 5*v + 3*q + 1, -q = 5*v + 2. Let m be x(v). Calculate the highest common divisor of m and 117.
13
Suppose 0 = 3*w - 2*p - 82 + 2, 44 = w - 5*p. What is the highest common factor of 48 and w?
24
Suppose 2*p = 4*x + x + 170, 3*x + 326 = 4*p. Calculate the highest common factor of p and 20.
20
Suppose 3*i + 7*a - 4*a + 6 = 0, -4*i + 4 = a. Suppose i*b - 180 = -b. Let v = -14 + 26. What is the greatest common divisor of v and b?
12
Suppose r + 4*a = 135, -270 = -2*r + 3*a + a. Calculate the highest common divisor of 15 and r.
15
Suppose 5*a + 3*f - 128 = 140, -4*f = 16. Calculate the highest common factor of 7 and a.
7
Suppose -o = -5*o + 132. Suppose -2*u - 2*u = -5*m - 1, 20 = 5*u. Calculate the highest common divisor of o and m.
3
Let x = 67 - 45. What is the highest common divisor of 77 and x?
11
Let x(h) = h + 41. Let k be x(-5). Calculate the greatest common factor of 54 and k.
18
Let g = 4 + 1. Calculate the greatest common factor of 15 and g.
5
Let y = -80 + 112. Suppose -4*f + 2*m + 56 = 0, 10*m - 5*m + y = f. Calculate the highest common factor of f and 18.
6
Let p be (-296)/(-20) - 3/(-15). What is the highest common factor of 105 and p?
15
Suppose -z = -2*m + 123, 0*m - m + 4*z = -72. Let u be (2/(-3))/((-4)/m). What is the highest common divisor of 2 and u?
2
Suppose -4*v = 5*q - 22, 5*v = 4*q + 2*v + 1. Suppose -48 = -5*i + x, -2*i - q*x = x - 9. What is the highest common divisor of i and 3?
3
Let y = 201 + -136. Let i(d) = -2*d + 3. Let s be i(-5). What is the greatest common factor of s and y?
13
Let o(t) = t**3 - 2*t**2 - 5*t - 8. Let u be o(5). What is the highest common divisor of u and 14?
14
Suppose 5*r - 44 = 11. Calculate the greatest common factor of 121 and r.
11
Let g(f) = -f - 2 - 4 + 22. Let l be g(0). What is the greatest common divisor of l and 2?
2
Let f = -2 - 0. Let x = 6 + 7. Let u = x + f. What is the highest common factor of 121 and u?
11
Let j = 25 + -4. Calculate the highest common divisor of 7 and j.
7
Suppose m = 4*n - 105, 4*n + 3*m - 114 = m. Let k(w) = -w**2 + 12*w - 7. Let x be k(5). Let l = x + -19. Calculate the greatest common factor of l and n.
9
Suppose -1 - 11 = -2*k. Let c be (-500)/(-12) - (-1)/3. Calculate the highest common divisor of c and k.
6
Suppose -3*r = -0*i + 4*i - 16, 0 = 4*r + 16. What is the highest common factor of i and 14?
7
Let w = -11 - -18. Let g = 28 + -14. Calculate the highest common divisor of w and g.
7
Suppose 0 = -5*j - 2*f + 66, -4*f + 13 = 2*j - 7. Suppose -22 = -z + 34. What is the highest common factor of j and z?
14
Suppose -25 = -5*i, 4*w - 22 + 1 = -i. Suppose -5*p = 5, w*p = 4*y + 6*p - 14. Suppose -36 = -y*x + 8. What is the greatest common factor of 33 and x?
11
Suppose 2*y - 4 = 0, 0*y = 3*j + 2*y - 148. What is the greatest common divisor of 12 and j?
12
Let l(c) = -c**3 - 7*c**2 + 8*c - 3. Let o be l(-8). Let a = 6 - o. What is the highest common factor of 99 and a?
9
Let a be (-22)/(-12) + 13/78. What is the greatest common factor of 8 and a?
2
Let v = 42 - 38. Calculate the highest common factor of v and 12.
4
Let a = 385 - 225. Calculate the highest common divisor of a and 20.
20
Suppose s = j + 4*j - 29, 3 = j - 3*s. Suppose 3*l = j*l - 60. Calculate the highest common factor of 80 and l.
20
Let n(d) = d**2 + 2*d + 8. Let z be n(-6). Suppose 20*j - 64 = 16*j. Calculate the greatest common factor of j and z.
16
Let n(l) = -l**3 - l**2 - l - 2. Let c be n(-3). Let u be (-4362)/(-33) - 4/22. Let z = u + -56. Calculate the highest common divisor of c and z.
19
Suppose -x + 4 + 3 = 0. What is the highest common divisor of x and 1?
1
Let b be -1 + 2 + (-7)/((-7)/2). What is the highest common divisor of b and 2?
1
Let m = -5 + 15. Let o be (-15)/m*(-32)/2. What is the greatest common factor of 48 and o?
24
Let n be -12*(-1 + 1/2). Suppose h - n*h + 19 = -z, -4*h - 2*z = -18. What is the greatest common divisor of 20 and h?
4
Suppose -a + 186 = 2*a. Suppose 2*y + 2*l - 12 = -2*l, -3*y + 5*l = -a. Calculate the highest common factor of y and 35.
7
Suppose -2*x + 5 - 3 = i, -8 = -4*i + 3*x. Calculate the greatest common factor of i and 10.
2
Let u = -4 + 12. Let c be 3 + 8 - 1*-2. Suppose 0*h - 2*h + 5 = a, -4*h + c = 3*a. Calculate the greatest common factor of h and u.
1
Suppose -4*u + 9 + 7 = 0. Suppose -u*k + 3*m + 6 = 2, m + 8 = 3*k. What is the highest common factor of 1 and k?
1
Let g be (-2)/(-4)*-2 + 23. Let a(q) = -q + 7. Let b be a(5). What is the greatest common divisor of g and b?
2
Let n be 122/8 - 2/8. Let d(x) be the third derivative of -x**4/24 + 3*x**2. Let r be d(-6). Calculate the highest common divisor of n and r.
3
Suppose -66 = -3*a - 4*p + 35, -5*a + 125 = -2*p. Let l be (-44)/33*(-15)/(-2). Let j = -1 - l. What is the greatest common factor of j and a?
9
Suppose 0 = -0*s + 5*s. Let u(n) = -n - 6. Let h be u(-6). Suppose 3*q - 15 = s, h = 5*k - q - 2*q - 210. Calculate the greatest common factor of k and 15.
15
Suppose -4*a = -3*a - 2. Let j(m) = 11*m. Let w be j(a). Calculate the highest common divisor of w and 2.
2
Let t = 12 + -1. Let m be (-2)/(((-3)/10)/3). Suppose -5*u - 9 = t, -4*i + m = 2*u. Calculate the greatest common divisor of i and 1.
1
Suppose 4*c = 5*v - 97, 2*c - 28 = -2*v - 0*v. What is the greatest common divisor of 153 and v?
17
Let z be (-2)/(-6)*20*6. Suppose -1